{"id":30,"date":"2024-01-31T16:37:04","date_gmt":"2024-01-31T15:37:04","guid":{"rendered":"http:\/\/85.215.198.111\/?page_id=30"},"modified":"2024-03-15T05:38:23","modified_gmt":"2024-03-15T04:38:23","slug":"funknetz-celle-die-idee","status":"publish","type":"page","link":"http:\/\/85.215.198.111\/?page_id=30","title":{"rendered":"Funknetz-Celle die Idee"},"content":{"rendered":"\n<p class=\"has-contrast-color has-text-color has-link-color wp-elements-581e6bd9f96142ae4898b73bd062feb9\">Anfang der 2000er Jahre war es  D-Star was mich interessierte, es war aber au\u00dferhalb meines AFU-B\u00fcdges. Da kam die Idee eine Verbindung dahin auch mit einfachen Ger\u00e4ten machen zu k\u00f6nnen. Aber selbst das war sehr teuer und als weiteres kam dann mein neues QRL dazwischen.<\/p>\n\n\n\n<p class=\"has-contrast-color has-text-color has-link-color wp-elements-49801af8a7a2e4a0df690c7e890084fd\">Nach vielen Jahren der Amateurfunk Abstinenz hat mich Uwe (DG1OW) im QRL davon \u00fcberzeugt das DMR sehr interessant w\u00e4hre. Nach kurzer Zeit hatte ich mir ein Ger\u00e4t daf\u00fcr zu gelegt und stellte fest, das sich der Amateurfunk noch weiter aufgesplittet hatte.. D-Star, C4FM, DMR- Motorola, DMR+ und neuerdings auch DMR-BM, inzwischen auch Tetra und&#8230;.. Alle sch\u00f6n getrennt und wenn man jemanden erreichen wollte kaum m\u00f6glich ohne Absprache. Mit allen Netzen w\u00e4hre es schon mal m\u00f6glich gewesen von weiter weg in die Heimat zu kommen. Wenn denn Repeater im Einzugsbereich gewesen w\u00e4ren und \/ oder die Standard Belegung es zu gelassen h\u00e4tte.<\/p>\n\n\n\n<p class=\"has-contrast-color has-text-color has-link-color wp-elements-f0e46fe2c09a435d9ba8b8cfc63fc422\">Der Wunsch war die verschiedenen Systeme bei Bedarf lokal zu verbinden. Der erste tiefer Gedanke kam dann w\u00e4hrend der HF-OV-Abende in der Pandemie Zeit. Der erste Versuch &#8222;mal eben schnell&#8220; wurde mit einem  Anytone AT587UV mit einer Umsetzung von 70cm DB0CEL FM -&gt; 2m DMR zum Hotspot realisiert. Ralf (DJ6OL) hat daf\u00fcr gesorgt das die 2m OV-Frequenz auch auf DB0CEL umgesetzt wurden. Das hat mir sehr gefallen, auch wenn die Anpassung der Pegel noch Luft nach oben hatte. <\/p>\n\n\n\n<p class=\"has-contrast-color has-text-color has-link-color wp-elements-db34a5f0c939b429a0f44f8697660ef1\">Nach dem ich inzwischen nochmal meinen Job gewechselt habe, ergab sich zumindest Zeitlich die M\u00f6glichkeit weiter zu &#8222;spinnen&#8220;.<\/p>\n\n\n\n<p class=\"has-contrast-color has-text-color has-link-color wp-elements-edb1146121e393130121f46a01098d3a\">Ende 2023 war die Idee soweit gewachsen, das ein Praktischer Versuch mit einem Shari-FM Hotspot beginnen konnte. Nach kurzem Test kam mit der verwendeten Software SVXLINK die Idee auf m\u00f6glichst viele &#8222;OV-Frequenzen&#8220; bei bedarf mit einander zu verbinden. Da die Software schon mal 2 Dinge mit brachte ( Echolink und FM-Funknetz.de ) gilt es &#8222;nur noch&#8220; die Software zu verstehen und einen Plan zu haben wie es werden k\u00f6nnte. Und wie das immer so ist mache Dinge sind einfacher als gedacht und andere lassen sich nicht so einfach zu realisieren. Als erstes kam ein 2m TRX dazu. eine Verbindung 2m &lt;&gt; 70cm wurde erm\u00f6glicht, FM-Funknetz.de lief von Anfang an ohne nennenswerte Probleme. Der n\u00e4chste Schritt .. &#8222;mal eben schnell&#8220; Echolink aktivieren&#8230;. Naja mal eben ein Tunnel ins Internet bauen, verstehen warum es nicht so geht, einen Server im Internet besorgen und diesen dann passend einstellen nach Anleitung&#8230;.. oder dann doch erstmal verstehen was wirklich passieren muss.  Was lange w\u00e4hrt&#8230;. nun geht es &#8230; mal wieder viel gelernt.<\/p>\n\n\n\n<p class=\"has-contrast-color has-text-color has-link-color wp-elements-791973a50686ad9aab6a5a994b111e12\">Nun noch schnell in den Keller und die vor &gt;10 Jahren eingelagerten Funkger\u00e4te Hoch holen und anschlie\u00dfen. Nun ja.. Als erstes lagen die Funkger\u00e4te nicht alle da wo ich es vermutet habe.. Die beiden die ich gefunden habe.. Das erste Startet nicht kurz gegoogelt.. Standard Problem Kondensatoren defekt.. zweites Ger\u00e4t jupp geht RX zeigt was wenn Signal nur LSP scheint defekt, egal brauch ich ja nicht. Mhhh nach dem alle Kabel angefertigt waren&#8230; Es war nicht der LSP. Es kommt keine Empfangs-NF. Ok dann erstmal ein Anytone AT878UV fertig machen. Das ist jetzt f\u00fcr 2m Aktiv. Leider ohne &#8222;9k6 Ausgang&#8220; und Ohne SQL-Ausgang. Nun liegt noch ein Ger\u00e4t auf dem Tisch dem ich diese Ausg\u00e4nge alle noch beibringen muss. Ich hoffe noch ein T7F f\u00fcr 70cm zu bekommen welches dann zumindest den 9k6 Ausgang hat.<\/p>\n\n\n\n<p class=\"has-contrast-color has-text-color has-link-color wp-elements-8ecb24c2a9235716b8dadd097c197e51\">Aber &#8222;erstmal schnell&#8220; diese Internet Seite erstellen um Euch auf dem Aktuellen Stand zu halten, und Euch schnell \u00fcber \u00c4nderungen Informieren zu k\u00f6nnen.<\/p>\n\n\n\n<p class=\"has-contrast-color has-text-color has-link-color wp-elements-1c2017f3b2834d8d537d95665762dae2\">So das muss f\u00fcr heute reichen, 73 de DL2OAM  <\/p>\n\n\n\n<p class=\"has-contrast-color has-text-color has-link-color wp-elements-60bf8c67e2b6a9a3c02661d382b116e1\"><\/p>\n","protected":false},"excerpt":{"rendered":"<p>Anfang der 2000er Jahre war es D-Star was mich interessierte, es war aber au\u00dferhalb meines AFU-B\u00fcdges. Da kam die Idee eine Verbindung dahin auch mit einfachen Ger\u00e4ten machen zu k\u00f6nnen. Aber selbst das war sehr teuer und als weiteres kam dann mein neues QRL dazwischen. Nach vielen Jahren der Amateurfunk Abstinenz hat mich Uwe (DG1OW) [&hellip;]<\/p>\n","protected":false},"author":1,"featured_media":0,"parent":0,"menu_order":0,"comment_status":"closed","ping_status":"closed","template":"","meta":{"footnotes":""},"class_list":["post-30","page","type-page","status-publish","hentry"],"_links":{"self":[{"href":"http:\/\/85.215.198.111\/index.php?rest_route=\/wp\/v2\/pages\/30","targetHints":{"allow":["GET"]}}],"collection":[{"href":"http:\/\/85.215.198.111\/index.php?rest_route=\/wp\/v2\/pages"}],"about":[{"href":"http:\/\/85.215.198.111\/index.php?rest_route=\/wp\/v2\/types\/page"}],"author":[{"embeddable":true,"href":"http:\/\/85.215.198.111\/index.php?rest_route=\/wp\/v2\/users\/1"}],"replies":[{"embeddable":true,"href":"http:\/\/85.215.198.111\/index.php?rest_route=%2Fwp%2Fv2%2Fcomments&post=30"}],"version-history":[{"count":5,"href":"http:\/\/85.215.198.111\/index.php?rest_route=\/wp\/v2\/pages\/30\/revisions"}],"predecessor-version":[{"id":102,"href":"http:\/\/85.215.198.111\/index.php?rest_route=\/wp\/v2\/pages\/30\/revisions\/102"}],"wp:attachment":[{"href":"http:\/\/85.215.198.111\/index.php?rest_route=%2Fwp%2Fv2%2Fmedia&parent=30"}],"curies":[{"name":"wp","href":"https:\/\/api.w.org\/{rel}","templated":true}]}}